ate the highest common divisor of m and j.
10
Let s(f) = -7*f**3 + f**2 - 2*f. Let v be s(-2). Let m = 83 + -75. Calculate the greatest common divisor of v and m.
8
Let j be (4/10)/((-6)/(-45)). What is the highest common factor of 27 and j?
3
Suppose -y = 3*y + f - 72, 90 = 5*y - 4*f. Calculate the greatest common divisor of y and 9.
9
Let f = 2 + 2. Suppose -4*g = 5*l - 206, -3*l = -2 - f. Calculate the highest common factor of 7 and g.
7
Let c be -5*4/6*108/(-45). Let a(m) = 9*m - 3. Let n be a(3). Calculate the greatest common factor of c and n.
8
Suppose 3*d - 2*d = 10. Let y be (-1)/(-2) + 361/2. Let p = y - 71. What is the greatest common factor of d and p?
10
Let v = -14 - -21. Calculate the highest common factor of 63 and v.
7
Suppose 2*g + 24 - 60 = 0. Calculate the greatest common factor of g and 18.
18
Let c be 6/(-21) + (-32)/(-14). Suppose 12 = 5*r + c. Let j = 12 + r. What is the greatest common factor of j and 21?
7
Let n be (1680/(-75))/(1/(-5)). What is the highest common factor of 14 and n?
14
Let v(q) = -2*q - 37. Let d be v(-22). What is the highest common divisor of d and 49?
7
Let o(p) = 299*p + 7. Let j be o(1). Calculate the highest common divisor of j and 34.
34
Suppose 8*s = 3*s + 190. Suppose -141 + 1376 = 65*g. Calculate the highest common factor of s and g.
19
Let m(d) = -2*d**3 + 4*d**2 + 16*d + 2. Let a be m(4). What is the highest common divisor of a and 2?
2
Suppose 75 = 5*c - d, -2*c + d - 3*d + 42 = 0. Suppose -s = 2*s - 528. What is the greatest common divisor of s and c?
16
Let p(u) = u**2 + 8*u. Let h be p(-8). Let m be (-1665)/(-5) - (h + 3). Calculate the greatest common factor of 30 and m.
30
Let w = 41 - 28. Suppose 0 = 2*u - 0*u + 4*n - 224, n + 244 = 2*u. Suppose -4*j = -140 - u. What is the highest common factor of j and w?
13
Let q(c) = -c + 10. Let y be q(6). Suppose -4*m = z - 1 - y, 0 = 3*m - 4*z - 18. What is the greatest common factor of m and 22?
2
Suppose 27 = 3*x - 15. Suppose -44*l = -35*l - 252. Calculate the greatest common divisor of x and l.
14
Suppose 0*k = 2*k - 14. Let h = k - 4. Suppose 3*c + 3*l - 135 = 0, h*c + 2*l = 2*c + 46. Calculate the greatest common factor of 4 and c.
4
Suppose -75 = -2*g + 2*h + h, -4*g + 140 = -4*h. What is the highest common factor of 210 and g?
30
Let z(j) = 0*j**3 - j**3 - 9*j - 5 + 3*j + 8*j**2. Let x be z(7). Let s be (3 - 1)*75/x. Calculate the greatest common divisor of s and 15.
15
Let h be (595/(-14))/((-1)/2). What is the highest common factor of 17 and h?
17
Let c(f) = -4*f + 30. Let l be c(7). Calculate the greatest common factor of l and 2.
2
Suppose -3*x = 17 - 377. Calculate the greatest common factor of 15 and x.
15
Suppose y - 34 = -4*u, 0*y = -2*y + 4*u + 56. Calculate the greatest common factor of y and 20.
10
Let v = 6 - 10. Let l be (v + 14)/((-2)/(-3)). What is the greatest common factor of l and 30?
15
Suppose -2*z = -0*z - 96. Suppose -2*j = 2*n - z, 0 = -n + 4*j + j + 24. Calculate the highest common factor of 36 and n.
12
Let g be 70 - -2 - (2 + 0). Let k be (g/4)/(2/4). Calculate the greatest common factor of k and 5.
5
Let q be -10*-3*(-8)/(-30). Suppose -120 = -2*y - 3*y. What is the highest common divisor of y and q?
8
Let v(t) = -6*t - 30. Let u be v(-6). What is the greatest common divisor of u and 10?
2
Suppose -3*r + 13 = 3*g + g, -2*r + 8 = 2*g. Suppose -r*b = -54 - 108. What is the highest common factor of 36 and b?
18
Let z(x) = x**2 - 2*x + 10. Let c be z(-8). Let t(m) = -m**3 + 5*m**2 + 7*m + 4. Let h be t(6). What is the greatest common divisor of c and h?
10
Suppose 0 = 4*x - b - 59, -3*b + 6 + 25 = x. Suppose d - 176 = -y, y = -d - 3*d + 704. Calculate the highest common factor of d and x.
16
Suppose -5*x - 10*x + 735 = 0. What is the greatest common divisor of x and 245?
49
Let h be 1/2 - (-6)/4. Suppose 9 = h*v + v. Let q be (4/(-6))/(v/(-495)). What is the highest common divisor of q and 10?
10
Let m be 6/21 + 1740/35. Let r be 7*(-2 - -3)*-1. Let t = r + 27. Calculate the greatest common factor of t and m.
10
Suppose 3*x - 12 = -x. Let f(d) = -3 - x + 3 - 5*d. Let t be f(-4). Calculate the greatest common divisor of 85 and t.
17
Let o(v) = 0 - 6 - 3*v**2 - 2*v + 6*v + v**3 - 2*v**2. Let y be o(6). What is the highest common factor of 6 and y?
6
Suppose -27 = -m + 28. What is the greatest common divisor of m and 22?
11
Suppose s = -4*s + 560. Let h(z) = -6*z + 4. Let a be h(-4). Calculate the highest common divisor of a and s.
28
Let o = 6 + 15. Let d = 6 + -3. Calculate the highest common divisor of d and o.
3
Suppose -4*j + 24 - 4 = 0. What is the highest common divisor of j and 10?
5
Let c = 7 + 32. Let h(k) = 5*k + 5. Let m be h(4). Let t = c - m. Calculate the greatest common factor of t and 2.
2
Suppose 3*i = -i. Suppose i*x + 5*m + 14 = 4*x, 3*x - 24 = -3*m. Let n = -73 + 127. Calculate the highest common divisor of x and n.
6
Let g(j) = -j**3 + 3*j**2 + j + 3. Let m be g(3). Suppose 5*v - 12 = -3*d, 3*d - 9 = -3*v + 3. What is the highest common factor of m and d?
2
Let p = -29 + 37. What is the highest common divisor of 16 and p?
8
Let j be (-32)/12*9/(-6). Calculate the greatest common factor of 28 and j.
4
Let b = 128 - 88. Calculate the highest common divisor of 20 and b.
20
Let v(d) = 90*d - 5. Let h be v(2). Let n be (-2)/(-6) + h/15. Suppose 4*c - 85 - 59 = 0. Calculate the greatest common divisor of n and c.
12
Let w = 65 + -52. Let s = 105 + -53. Calculate the highest common divisor of w and s.
13
Let b = -1 + 1. Suppose b = -c - 2*c + 225. Suppose -3*y - q + 86 = 0, -4*y + 99 = 2*q - 13. What is the greatest common factor of y and c?
15
Suppose u - 3*u = -24. Suppose -8*l - 5*h + 24 = -4*l, -4*h = -2*l + 12. Calculate the highest common divisor of l and u.
6
Suppose -3*k = -k - 54. Let w(z) = -z**2 - 14*z - 6. Let y be w(-12). What is the highest common factor of y and k?
9
Suppose 3*n - n - 5*f - 88 = 0, 5*n = 3*f + 258. Suppose 22 + 3 = 5*b. Suppose -b*v + 50 = 20. What is the greatest common divisor of v and n?
6
Let u(c) = -c**3 + 10*c**2 - c - 5. Let v be u(6). Suppose -15*g + 18*g - 57 = 0. Calculate the greatest common factor of g and v.
19
Suppose -113 = -i + 81. Suppose -5*m = 5*l + 500, 3*l + 0*m + 275 = 2*m. Let a = l + i. Calculate the greatest common factor of a and 9.
9
Let d = 6 - 8. Let r be 1/(d - -3) - -74. Calculate the highest common divisor of r and 25.
25
Let y = -19 + 11. Let n = y + 26. Calculate the highest common factor of n and 6.
6
Let h(w) be the third derivative of w**5/60 + w**4/3 + 2*w**3 - 2*w**2. Let m be h(-12). Suppose -i + m = 4. Calculate the highest common factor of 8 and i.
8
Suppose -286 = 5*h - 316. Let q = -17 - -29. Calculate the highest common factor of h and q.
6
Let j(d) = 6*d**2 + 3*d + 13. Let u be j(-7). What is the greatest common divisor of 26 and u?
26
Let d(v) be the second derivative of v**3/3 - 7*v**2/2 - 3*v. Let i be d(5). Let h(m) = 9*m. Let a be h(i). Calculate the greatest common factor of 3 and a.
3
Let w(h) = 2*h**3 - 5*h**2 - 5. Let b be w(4). Calculate the greatest common factor of b and 301.
43
Suppose 28 + 14 = s. Suppose -4*t = v - 14 - 9, -4*t = -4*v - 28. What is the highest common factor of s and t?
6
Suppose 0*d = 2*d - 4. Let o be (1 + -3)*(-22)/d. Calculate the highest common factor of 11 and o.
11
Let p = -93 + 155. Let v = p - 38. Suppose w = -w + v. Calculate the greatest common factor of w and 4.
4
Suppose 33 = -z + 3*s, z = 4*s + 6 - 40. Let k = z + 16. Let h = 26 + k. What is the greatest common factor of 30 and h?
6
Suppose 11 = 2*g - 19. Let x be 3*-1 + 32/4. What is the highest common divisor of x and g?
5
Let r be 5/(2 - 3)*-1. Calculate the highest common factor of r and 35.
5
Suppose -3*r - 2*h + 42 = 0, 5*h = 2*r + 2*h - 41. Let m = r + -10. Calculate the highest common factor of 30 and m.
6
Let f be (0 + -48)/(15/(-20)). Suppose -v + 107 = -f. Calculate the greatest common factor of v and 19.
19
Let z be (-4)/(-20) - 1/((-15)/1662). What is the greatest common factor of z and 37?
37
Suppose 0*y = -2*y. Suppose y*t = 4*t + 28. Let w = t + 29. What is the highest common factor of w and 55?
11
Suppose -1 + 10 = -3*l. Let b be (-15)/l*8/10. Let y = b - 1. Calculate the highest common divisor of 21 and y.